
What is the thousands digit of 1332?
1
What is the ten thousands digit of 14774?
1
What is the tens digit of 31?
3
What is the units digit of 8371?
1
What is the tens digit of 1913?
1
What is the thousands digit of 19147?
9
What is the units digit of 1544?
4
What is the tens digit of 366?
6
What is the hundreds digit of 24108?
1
What is the tens digit of 623?
2
What is the thousands digit of 9006?
9
What is the hundreds digit of 3100?
1
What is the hundreds digit of 4233?
2
What is the hundreds digit of 18350?
3
What is the thousands digit of 2646?
2
What is the tens digit of 9366?
6
What is the thousands digit of 39205?
9
What is the tens digit of 2331?
3
What is the thousands digit of 3522?
3
What is the hundreds digit of 13924?
9
What is the units digit of 23127?
7
What is the hundreds digit of 82083?
0
What is the units digit of 89?
9
What is the hundreds digit of 937?
9
What is the tens digit of 2630?
3
What is the thousands digit of 74699?
4
What is the tens digit of 13425?
2
What is the hundreds digit of 1530?
5
What is the tens digit of 1707?
0
What is the units digit of 404?
4
What is the ten thousands digit of 75650?
7
What is the hundreds digit of 5683?
6
What is the thousands digit of 1127?
1
What is the units digit of 131?
1
What is the thousands digit of 10544?
0
What is the tens digit of 6782?
8
What is the tens digit of 1708?
0
What is the hundreds digit of 16003?
0
What is the tens digit of 17550?
5
What is the thousands digit of 1556?
1
What is the tens digit of 37309?
0
What is the units digit of 1164?
4
What is the tens digit of 128?
2
What is the ten thousands digit of 53095?
5
What is the thousands digit of 33001?
3
What is the ten thousands digit of 18927?
1
What is the thousands digit of 18889?
8
What is the units digit of 4912?
2
What is the tens digit of 87012?
1
What is the hundreds digit of 619?
6
What is the tens digit of 3370?
7
What is the tens digit of 2603?
0
What is the tens digit of 6887?
8
What is the tens digit of 775?
7
What is the thousands digit of 4417?
4
What is the hundreds digit of 4598?
5
What is the thousands digit of 5306?
5
What is the hundreds digit of 853?
8
What is the thousands digit of 1691?
1
What is the units digit of 5737?
7
What is the units digit of 3622?
2
What is the hundreds digit of 7677?
6
What is the units digit of 448?
8
What is the units digit of 1673?
3
What is the thousands digit of 89327?
9
What is the units digit of 185?
5
What is the thousands digit of 192167?
2
What is the tens digit of 1058?
5
What is the thousands digit of 76299?
6
What is the tens digit of 15808?
0
What is the tens digit of 61?
6
What is the thousands digit of 10658?
0
What is the thousands digit of 10374?
0
What is the tens digit of 132?
3
What is the ten thousands digit of 130073?
3
What is the tens digit of 5370?
7
What is the hundreds digit of 3493?
4
What is the hundreds digit of 52699?
6
What is the thousands digit of 6578?
6
What is the tens digit of 1446?
4
What is the units digit of 1129?
9
What is the thousands digit of 16575?
6
What is the thousands digit of 7072?
7
What is the units digit of 1079?
9
What is the tens digit of 83?
8
What is the hundreds digit of 61784?
7
What is the thousands digit of 16612?
6
What is the units digit of 2365?
5
What is the hundreds digit of 300?
3
What is the thousands digit of 41015?
1
What is the hundreds digit of 11959?
9
What is the units digit of 14752?
2
What is the tens digit of 32588?
8
What is the thousands digit of 1565?
1
What is the ten thousands digit of 14527?
1
What is the tens digit of 1059?
5
What is the tens digit of 74?
7
What is the units digit of 2400?
0
What is the hundreds digit of 670?
6
What is the hundreds digit of 679?
6
What is the thousands digit of 52685?
2
What is the units digit of 38023?
3
What is the thousands digit of 1244?
1
What is the tens digit of 2486?
8
What is the hundreds digit of 9814?
8
What is the units digit of 2045?
5
What is the tens digit of 5860?
6
What is the tens digit of 25972?
7
What is the units digit of 426?
6
What is the units digit of 170682?
2
What is the tens digit of 62892?
9
What is the ten thousands digit of 32439?
3
What is the thousands digit of 1067?
1
What is the units digit of 384?
4
What is the units digit of 38110?
0
What is the hundreds digit of 229?
2
What is the tens digit of 1342?
4
What is the tens digit of 5905?
0
What is the tens digit of 76928?
2
What is the thousands digit of 10150?
0
What is the tens digit of 3467?
6
What is the thousands digit of 4695?
4
What is the units digit of 147?
7
What is the thousands digit of 1574?
1
What is the hundreds digit of 14591?
5
What is the hundreds digit of 4720?
7
What is the units digit of 1754?
4
What is the thousands digit of 1772?
1
What is the units digit of 3867?
7
What is the tens digit of 18969?
6
What is the units digit of 17?
7
What is the tens digit of 2012?
1
What is the tens digit of 34?
3
What is the hundreds digit of 5307?
3
What is the units digit of 73342?
2
What is the units digit of 11779?
9
What is the hundreds digit of 670?
6
What is the ten thousands digit of 21964?
2
What is the tens digit of 1716?
1
What is the tens digit of 2108?
0
What is the tens digit of 941?
4
What is the tens digit of 14937?
3
What is the units digit of 55041?
1
What is the thousands digit of 1890?
1
What is the tens digit of 48?
4
What is the thousands digit of 5417?
5
What is the hundred thousands digit of 124045?
1
What is the thousands digit of 70516?
0
What is the ten thousands digit of 105936?
0
What is the thousands digit of 13293?
3
What is the ten thousands digit of 18715?
1
What is the hundreds digit of 10629?
6
What is the units digit of 1901?
1
What is the units digit of 30535?
5
What is the units digit of 29350?
0
What is the units digit of 14770?
0
What is the thousands digit of 19910?
9
What is the thousands digit of 43982?
3
What is the tens digit of 1192?
9
What is the hundreds digit of 1947?
9
What is the hundreds digit of 4333?
3
What is the tens digit of 8446?
4
What is the tens digit of 100193?
9
What is the units digit of 44870?
0
What is the hundreds digit of 7118?
1
What is the hundreds digit of 4322?
3
What is the tens digit of 34920?
2
What is the thousands digit of 51256?
1
What is the thousands digit of 2203?
2
What is the units digit of 94787?
7
What is the hundreds digit of 4689?
6
What is the hundreds digit of 725?
7
What is the hundreds digit of 1386?
3
What is the ten thousands digit of 16077?
1
What is the hundreds digit of 5237?
2
What is the hundreds digit of 3575?
5
What is the tens digit of 35430?
3
What is the hundreds digit of 74203?
2
What is the units digit of 7299?
9
What is the ten thousands digit of 20111?
2
What is the units digit of 105?
5
What is the hundreds digit of 8292?
2
What is the units digit of 1977?
7
What is the thousands digit of 24092?
4
What is the units digit of 19781?
1
What is the hundreds digit of 13260?
2
What is the ten thousands digit of 66880?
6
What is the units digit of 754?
4
What is the hundred thousands digit of 102673?
1
What is the units digit of 1016?
6
What is the tens digit of 6059?
5
What is the tens digit of 143727?
2
What is the ten thousands digit of 42628?
4
What is the tens digit of 8203?
0
What is the ten thousands digit of 40057?
4
What is the hundreds digit of 8254?
2
What is the units digit of 1214?
4
What is the units digit of 2626?
6
What is the tens digit of 1093?
9
What is the tens digit of 7993?
9
What is the thousands digit of 6052?
6
What is the hundreds digit of 8417?
4
What is the ten thousands digit of 11343?
1
What is the hundreds digit of 26650?
6
What is the units digit of 12141?
1
What is the hundreds digit of 35713?
7
What is the units digit of 2450?
0
What is the units digit of 3062?
2
What is the hundreds digit of 2330?
3
What is the hundreds digit of 3441?
4
What is the tens digit of 64883?
8
What is the units digit of 16964?
4
What is the thousands digit of 2436?
2
What is the units digit of 26649?
9
What is the thousands digit of 1497?
1
What is the units digit of 798?
8
What is the hundreds digit of 13123?
1
What is the hundreds digit of 1883?
8
What is the units digit of 24140?
0
What is the thousands digit of 6653?
6
What is the h